{"id":199,"date":"2021-01-21T21:02:22","date_gmt":"2021-01-21T21:02:22","guid":{"rendered":"https:\/\/sachem.cl\/?page_id=199"},"modified":"2023-03-21T23:25:02","modified_gmt":"2023-03-21T23:25:02","slug":"la-tribu","status":"publish","type":"page","link":"https:\/\/sachem.cl\/index.php\/la-tribu\/","title":{"rendered":"la tribu"},"content":{"rendered":"<p>[et_pb_section fb_built=&#8221;1&#8243; custom_padding_last_edited=&#8221;on|phone&#8221; admin_label=&#8221;Header&#8221; _builder_version=&#8221;4.8.1&#8243; background_image=&#8221;https:\/\/sachem.cl\/wp-content\/uploads\/2021\/11\/team.png&#8221; parallax=&#8221;on&#8221; custom_padding=&#8221;100px||0vw|||&#8221; custom_padding_tablet=&#8221;40px|||&#8221; custom_padding_phone=&#8221;0px|||&#8221; locked=&#8221;off&#8221;][et_pb_row column_structure=&#8221;2_5,3_5&#8243; custom_padding_last_edited=&#8221;on|desktop&#8221; _builder_version=&#8221;3.25&#8243; custom_margin=&#8221;|||&#8221; custom_padding=&#8221;|30px||30px||true&#8221; custom_padding_tablet=&#8221;40px||&#8221; custom_padding_phone=&#8221;&#8221; box_shadow_style=&#8221;preset7&#8243; box_shadow_horizontal=&#8221;0px&#8221; box_shadow_vertical=&#8221;154px&#8221; box_shadow_color=&#8221;rgba(116,186,87,0.8)&#8221;][et_pb_column type=&#8221;2_5&#8243; _builder_version=&#8221;3.25&#8243; custom_padding=&#8221;|||&#8221; custom_padding_last_edited=&#8221;off|desktop&#8221; custom_padding__hover=&#8221;|||&#8221;][\/et_pb_column][et_pb_column type=&#8221;3_5&#8243; _builder_version=&#8221;3.25&#8243; custom_padding=&#8221;|||&#8221; custom_padding_tablet=&#8221;16px||&#8221; custom_padding_phone=&#8221;&#8221; custom_padding_last_edited=&#8221;on|desktop&#8221; custom_padding__hover=&#8221;|||&#8221;][et_pb_text _builder_version=&#8221;4.8.1&#8243; header_font=&#8221;Lora||||||||&#8221; header_text_color=&#8221;#000000&#8243; header_font_size=&#8221;78px&#8221; header_letter_spacing=&#8221;-1px&#8221; header_line_height=&#8221;1.1em&#8221; header_font_size_tablet=&#8221;56px&#8221; header_font_size_phone=&#8221;40px&#8221; header_font_size_last_edited=&#8221;on|phone&#8221; locked=&#8221;off&#8221;]<\/p>\n<h1>La tribu&#8230;<\/h1>\n<p>[\/et_pb_text][\/et_pb_column][\/et_pb_row][et_pb_row _builder_version=&#8221;3.25&#8243; width=&#8221;100%&#8221; max_width=&#8221;100%&#8221; custom_padding=&#8221;0px||0px|||&#8221; locked=&#8221;off&#8221;][et_pb_column type=&#8221;4_4&#8243; _builder_version=&#8221;3.25&#8243; custom_padding=&#8221;|||&#8221; custom_padding__hover=&#8221;|||&#8221;][et_pb_image src=&#8221;https:\/\/sachem.cl\/wp-content\/uploads\/2021\/01\/food-bank_57.png&#8221; align=&#8221;right&#8221; align_tablet=&#8221;center&#8221; align_phone=&#8221;&#8221; align_last_edited=&#8221;on|desktop&#8221; _builder_version=&#8221;3.23&#8243;][\/et_pb_image][\/et_pb_column][\/et_pb_row][\/et_pb_section][et_pb_section fb_built=&#8221;1&#8243; custom_padding_last_edited=&#8221;on|phone&#8221; admin_label=&#8221;Header&#8221; _builder_version=&#8221;4.8.1&#8243; background_enable_image=&#8221;off&#8221; parallax=&#8221;on&#8221; max_width=&#8221;100%&#8221; custom_padding=&#8221;1px||0vw||false|false&#8221; custom_padding_tablet=&#8221;40px|||&#8221; custom_padding_phone=&#8221;0px|||&#8221; locked=&#8221;off&#8221;][et_pb_row _builder_version=&#8221;3.25&#8243; width=&#8221;100%&#8221; max_width=&#8221;100%&#8221; custom_padding=&#8221;0px||0px|||&#8221; locked=&#8221;off&#8221;][et_pb_column type=&#8221;4_4&#8243; _builder_version=&#8221;3.25&#8243; custom_padding=&#8221;|||&#8221; custom_padding__hover=&#8221;|||&#8221;][et_pb_image src=&#8221;https:\/\/sachem.cl\/wp-content\/uploads\/2021\/01\/food-bank_57.png&#8221; align=&#8221;right&#8221; align_tablet=&#8221;center&#8221; align_phone=&#8221;&#8221; align_last_edited=&#8221;on|desktop&#8221; _builder_version=&#8221;3.23&#8243;][\/et_pb_image][\/et_pb_column][\/et_pb_row][et_pb_row column_structure=&#8221;1_2,1_2&#8243; _builder_version=&#8221;4.8.1&#8243; locked=&#8221;off&#8221;][et_pb_column type=&#8221;1_2&#8243; _builder_version=&#8221;3.25&#8243; custom_padding=&#8221;|||&#8221; custom_padding__hover=&#8221;|||&#8221;][et_pb_image src=&#8221;https:\/\/sachem.cl\/wp-content\/uploads\/2021\/01\/food-bank_59.png&#8221; title_text=&#8221;eal&#8221; force_fullwidth=&#8221;on&#8221; align_tablet=&#8221;center&#8221; align_phone=&#8221;&#8221; align_last_edited=&#8221;on|desktop&#8221; _builder_version=&#8221;4.8.1&#8243; background_image=&#8221;https:\/\/sachem.cl\/wp-content\/uploads\/2021\/01\/eal.jpg&#8221;][\/et_pb_image][et_pb_team_member name=&#8221;Enrique Araya \/ Fede Lobos&#8221; position=&#8221;Hacedor de Sue\u00f1os&#8221; facebook_url=&#8221;https:\/\/www.facebook.com\/flobos4&#8243; linkedin_url=&#8221;https:\/\/www.linkedin.com\/in\/enrique-araya-lobos-452b7a46\/&#8221; _builder_version=&#8221;4.8.1&#8243; _module_preset=&#8221;default&#8221; border_color_all_image=&#8221;#FFFFFF&#8221; border_style_all_image=&#8221;none&#8221;]<\/p>\n<div>\n<p><strong>Dise\u00f1ador Gr\u00e1fico<\/strong>\u00a0y\u00a0<strong>Locutor comercial. <\/strong>\u00a0Creatividad e imaginaci\u00f3n, capaz de so\u00f1ar y hacer posible lo imposible. Productor de multiples eventos.<\/p>\n<p>Ha liderado proyectos en empresas, agencias de publicidad, agencias de dise\u00f1o y marketing digital, en cargos directivos y gerenciales desde la log\u00edstica, operaciones y marketing. Como locutor es\u00a0<strong>Federico Lobos<\/strong>\u00a0y ha aullado en diferentes medios, poniendo su voz como locutor, animador y voz en off. Guinista y redactor creativo.<\/p>\n<p>Medio \u201crocker\u201d y\u00a0 juega a ser baterista.<br \/> Me gusta casi toda la m\u00fasica y valoro una buena conversaci\u00f3n (con un chela de por medio mejor!!)<\/p>\n<\/div>\n<p>[\/et_pb_team_member][\/et_pb_column][et_pb_column type=&#8221;1_2&#8243; _builder_version=&#8221;3.25&#8243; custom_padding=&#8221;|||&#8221; custom_padding__hover=&#8221;|||&#8221;][et_pb_image src=&#8221;https:\/\/sachem.cl\/wp-content\/uploads\/2021\/01\/food-bank_61.png&#8221; title_text=&#8221;blacko&#8221; force_fullwidth=&#8221;on&#8221; align_tablet=&#8221;center&#8221; align_phone=&#8221;&#8221; align_last_edited=&#8221;on|desktop&#8221; _builder_version=&#8221;4.8.1&#8243; background_image=&#8221;https:\/\/sachem.cl\/wp-content\/uploads\/2021\/01\/blacko.jpg&#8221;][\/et_pb_image][et_pb_team_member name=&#8221;Jose Miguel Retamal&#8221; position=&#8221;Boticario de ideas&#8221; linkedin_url=&#8221;https:\/\/www.linkedin.com\/in\/maickel-aviles-5797271a\/&#8221; _builder_version=&#8221;4.8.1&#8243; _module_preset=&#8221;default&#8221; border_color_all_image=&#8221;#FFFFFF&#8221; border_style_all_image=&#8221;none&#8221; locked=&#8221;off&#8221;]<\/p>\n<div>\n<p>Jos\u00e9 es desarrollador de areas de gesti\u00f3n, , dise\u00f1o, coordinaci\u00f3n y manejo de recursos en Eventos Deportivos.<\/p>\n<p>Es<strong> MBA, Qui\u0301mico Farmace\u0301utico<\/strong>, bilingu\u0308e con 22 an\u0303os de experiencia en a\u0301reas Farmace\u0301uticas y de Insumos Me\u0301dicos con una fuerte orientacio\u0301n comercial.<\/p>\n<p>Ha sido responsable de<br \/>diferentes negocios y apertura de<br \/>nuevos mercados. Aperturas de<br \/>oficinas comerciales, planificacio\u0301n<br \/>estrate\u0301gica y administracio\u0301n de recursos.\u00a0<\/p>\n<p>Blacko es adem\u00e1s m\u00fasico, se peina con el bajo y la guitarra el\u00e9ctrica, adem\u00e1s se ha dedicado a la\u00a0producci\u00f3n audio-visual y musical.<\/p>\n<\/div>\n<p>[\/et_pb_team_member][\/et_pb_column][\/et_pb_row][\/et_pb_section][et_pb_section fb_built=&#8221;1&#8243; fullwidth=&#8221;on&#8221; _builder_version=&#8221;3.22.6&#8243;][et_pb_fullwidth_image src=&#8221;https:\/\/sachem.cl\/wp-content\/uploads\/2021\/01\/food-bank_56.png&#8221; _builder_version=&#8221;3.22.5&#8243;][\/et_pb_fullwidth_image][\/et_pb_section]<\/p>\n","protected":false},"excerpt":{"rendered":"<p>[et_pb_section fb_built=&#8221;1&#8243; custom_padding_last_edited=&#8221;on|phone&#8221; admin_label=&#8221;Header&#8221; _builder_version=&#8221;4.8.1&#8243; background_image=&#8221;https:\/\/sachem.cl\/wp-content\/uploads\/2021\/11\/team.png&#8221; parallax=&#8221;on&#8221; custom_padding=&#8221;100px||0vw|||&#8221; custom_padding_tablet=&#8221;40px|||&#8221; custom_padding_phone=&#8221;0px|||&#8221; locked=&#8221;off&#8221;][et_pb_row column_structure=&#8221;2_5,3_5&#8243; custom_padding_last_edited=&#8221;on|desktop&#8221; _builder_version=&#8221;3.25&#8243; custom_margin=&#8221;|||&#8221; custom_padding=&#8221;|30px||30px||true&#8221; custom_padding_tablet=&#8221;40px||&#8221; custom_padding_phone=&#8221;&#8221; box_shadow_style=&#8221;preset7&#8243; box_shadow_horizontal=&#8221;0px&#8221; box_shadow_vertical=&#8221;154px&#8221; box_shadow_color=&#8221;rgba(116,186,87,0.8)&#8221;][et_pb_column type=&#8221;2_5&#8243; _builder_version=&#8221;3.25&#8243; custom_padding=&#8221;|||&#8221; custom_padding_last_edited=&#8221;off|desktop&#8221; custom_padding__hover=&#8221;|||&#8221;][\/et_pb_column][et_pb_column type=&#8221;3_5&#8243; _builder_version=&#8221;3.25&#8243; custom_padding=&#8221;|||&#8221; custom_padding_tablet=&#8221;16px||&#8221; custom_padding_phone=&#8221;&#8221; custom_padding_last_edited=&#8221;on|desktop&#8221; custom_padding__hover=&#8221;|||&#8221;][et_pb_text _builder_version=&#8221;4.8.1&#8243; header_font=&#8221;Lora||||||||&#8221; header_text_color=&#8221;#000000&#8243; header_font_size=&#8221;78px&#8221; header_letter_spacing=&#8221;-1px&#8221; header_line_height=&#8221;1.1em&#8221; header_font_size_tablet=&#8221;56px&#8221; header_font_size_phone=&#8221;40px&#8221; header_font_size_last_edited=&#8221;on|phone&#8221; locked=&#8221;off&#8221;] La tribu&#8230; [\/et_pb_text][\/et_pb_column][\/et_pb_row][et_pb_row _builder_version=&#8221;3.25&#8243; width=&#8221;100%&#8221; max_width=&#8221;100%&#8221; custom_padding=&#8221;0px||0px|||&#8221; locked=&#8221;off&#8221;][et_pb_column type=&#8221;4_4&#8243; _builder_version=&#8221;3.25&#8243; custom_padding=&#8221;|||&#8221; [&hellip;]<\/p>\n","protected":false},"author":1,"featured_media":0,"parent":0,"menu_order":0,"comment_status":"closed","ping_status":"closed","template":"","meta":{"_et_pb_use_builder":"on","_et_pb_old_content":"","_et_gb_content_width":"","footnotes":""},"class_list":["post-199","page","type-page","status-publish","hentry"],"_links":{"self":[{"href":"https:\/\/sachem.cl\/index.php\/wp-json\/wp\/v2\/pages\/199","targetHints":{"allow":["GET"]}}],"collection":[{"href":"https:\/\/sachem.cl\/index.php\/wp-json\/wp\/v2\/pages"}],"about":[{"href":"https:\/\/sachem.cl\/index.php\/wp-json\/wp\/v2\/types\/page"}],"author":[{"embeddable":true,"href":"https:\/\/sachem.cl\/index.php\/wp-json\/wp\/v2\/users\/1"}],"replies":[{"embeddable":true,"href":"https:\/\/sachem.cl\/index.php\/wp-json\/wp\/v2\/comments?post=199"}],"version-history":[{"count":12,"href":"https:\/\/sachem.cl\/index.php\/wp-json\/wp\/v2\/pages\/199\/revisions"}],"predecessor-version":[{"id":344,"href":"https:\/\/sachem.cl\/index.php\/wp-json\/wp\/v2\/pages\/199\/revisions\/344"}],"wp:attachment":[{"href":"https:\/\/sachem.cl\/index.php\/wp-json\/wp\/v2\/media?parent=199"}],"curies":[{"name":"wp","href":"https:\/\/api.w.org\/{rel}","templated":true}]}}

<p>[et_pb_section fb_built=&#8221;1&#8243; custom_padding_last_edited=&#8221;on|phone&#8221; admin_label=&#8221;Header&#8221; _builder_version=&#8221;4.8.1&#8243; background_image=&#8221;https://sachem.cl/wp-content/uploads/2021/11/team.png&#8221; parallax=&#8221;on&#8221; custom_padding=&#8221;100px||0vw|||&#8221; custom_padding_tablet=&#8221;40px|||&#8221; custom_padding_phone=&#8221;0px|||&#8221; locked=&#8221;off&#8221;][et_pb_row column_structure=&#8221;2_5,3_5&#8243; custom_padding_last_edited=&#8221;on|desktop&#8221; _builder_version=&#8221;3.25&#8243; custom_margin=&#8221;|||&#8221; custom_padding=&#8221;|30px||30px||true&#8221; custom_padding_tablet=&#8221;40px||&#8221; custom_padding_phone=&#8221;&#8221; box_shadow_style=&#8221;preset7&#8243; box_shadow_horizontal=&#8221;0px&#8221; box_shadow_vertical=&#8221;154px&#8221; box_shadow_color=&#8221;rgba(116,186,87,0.8)&#8221;][et_pb_column type=&#8221;2_5&#8243; _builder_version=&#8221;3.25&#8243; custom_padding=&#8221;|||&#8221; custom_padding_last_edited=&#8221;off|desktop&#8221; custom_padding__hover=&#8221;|||&#8221;][/et_pb_column][et_pb_column type=&#8221;3_5&#8243; _builder_version=&#8221;3.25&#8243; custom_padding=&#8221;|||&#8221; custom_padding_tablet=&#8221;16px||&#8221; custom_padding_phone=&#8221;&#8221; custom_padding_last_edited=&#8221;on|desktop&#8221; custom_padding__hover=&#8221;|||&#8221;][et_pb_text _builder_version=&#8221;4.8.1&#8243; header_font=&#8221;Lora||||||||&#8221; header_text_color=&#8221;#000000&#8243; header_font_size=&#8221;78px&#8221; header_letter_spacing=&#8221;-1px&#8221; header_line_height=&#8221;1.1em&#8221; header_font_size_tablet=&#8221;56px&#8221; header_font_size_phone=&#8221;40px&#8221; header_font_size_last_edited=&#8221;on|phone&#8221; locked=&#8221;off&#8221;]</p>
<h1>La tribu&#8230;</h1>
<p>[/et_pb_text][/et_pb_column][/et_pb_row][et_pb_row _builder_version=&#8221;3.25&#8243; width=&#8221;100%&#8221; max_width=&#8221;100%&#8221; custom_padding=&#8221;0px||0px|||&#8221; locked=&#8221;off&#8221;][et_pb_column type=&#8221;4_4&#8243; _builder_version=&#8221;3.25&#8243; custom_padding=&#8221;|||&#8221; custom_padding__hover=&#8221;|||&#8221;][et_pb_image src=&#8221;https://sachem.cl/wp-content/uploads/2021/01/food-bank_57.png&#8221; align=&#8221;right&#8221; align_tablet=&#8221;center&#8221; align_phone=&#8221;&#8221; align_last_edited=&#8221;on|desktop&#8221; _builder_version=&#8221;3.23&#8243;][/et_pb_image][/et_pb_column][/et_pb_row][/et_pb_section][et_pb_section fb_built=&#8221;1&#8243; custom_padding_last_edited=&#8221;on|phone&#8221; admin_label=&#8221;Header&#8221; _builder_version=&#8221;4.8.1&#8243; background_enable_image=&#8221;off&#8221; parallax=&#8221;on&#8221; max_width=&#8221;100%&#8221; custom_padding=&#8221;1px||0vw||false|false&#8221; custom_padding_tablet=&#8221;40px|||&#8221; custom_padding_phone=&#8221;0px|||&#8221; locked=&#8221;off&#8221;][et_pb_row _builder_version=&#8221;3.25&#8243; width=&#8221;100%&#8221; max_width=&#8221;100%&#8221; custom_padding=&#8221;0px||0px|||&#8221; locked=&#8221;off&#8221;][et_pb_column type=&#8221;4_4&#8243; _builder_version=&#8221;3.25&#8243; custom_padding=&#8221;|||&#8221; custom_padding__hover=&#8221;|||&#8221;][et_pb_image src=&#8221;https://sachem.cl/wp-content/uploads/2021/01/food-bank_57.png&#8221; align=&#8221;right&#8221; align_tablet=&#8221;center&#8221; align_phone=&#8221;&#8221; align_last_edited=&#8221;on|desktop&#8221; _builder_version=&#8221;3.23&#8243;][/et_pb_image][/et_pb_column][/et_pb_row][et_pb_row column_structure=&#8221;1_2,1_2&#8243; _builder_version=&#8221;4.8.1&#8243; locked=&#8221;off&#8221;][et_pb_column type=&#8221;1_2&#8243; _builder_version=&#8221;3.25&#8243; custom_padding=&#8221;|||&#8221; custom_padding__hover=&#8221;|||&#8221;][et_pb_image src=&#8221;https://sachem.cl/wp-content/uploads/2021/01/food-bank_59.png&#8221; title_text=&#8221;eal&#8221; force_fullwidth=&#8221;on&#8221; align_tablet=&#8221;center&#8221; align_phone=&#8221;&#8221; align_last_edited=&#8221;on|desktop&#8221; _builder_version=&#8221;4.8.1&#8243; background_image=&#8221;https://sachem.cl/wp-content/uploads/2021/01/eal.jpg&#8221;][/et_pb_image][et_pb_team_member name=&#8221;Enrique Araya / Fede Lobos&#8221; position=&#8221;Hacedor de Sueños&#8221; facebook_url=&#8221;https://www.facebook.com/flobos4&#8243; linkedin_url=&#8221;https://www.linkedin.com/in/enrique-araya-lobos-452b7a46/&#8221; _builder_version=&#8221;4.8.1&#8243; _module_preset=&#8221;default&#8221; border_color_all_image=&#8221;#FFFFFF&#8221; border_style_all_image=&#8221;none&#8221;]</p>
<div>
<p><strong>Diseñador Gráfico</strong> y <strong>Locutor comercial. </strong> Creatividad e imaginación, capaz de soñar y hacer posible lo imposible. Productor de multiples eventos.</p>
<p>Ha liderado proyectos en empresas, agencias de publicidad, agencias de diseño y marketing digital, en cargos directivos y gerenciales desde la logística, operaciones y marketing. Como locutor es <strong>Federico Lobos</strong> y ha aullado en diferentes medios, poniendo su voz como locutor, animador y voz en off. Guinista y redactor creativo.</p>
<p>Medio “rocker” y  juega a ser baterista.<br /> Me gusta casi toda la música y valoro una buena conversación (con un chela de por medio mejor!!)</p>
</div>
<p>[/et_pb_team_member][/et_pb_column][et_pb_column type=&#8221;1_2&#8243; _builder_version=&#8221;3.25&#8243; custom_padding=&#8221;|||&#8221; custom_padding__hover=&#8221;|||&#8221;][et_pb_image src=&#8221;https://sachem.cl/wp-content/uploads/2021/01/food-bank_61.png&#8221; title_text=&#8221;blacko&#8221; force_fullwidth=&#8221;on&#8221; align_tablet=&#8221;center&#8221; align_phone=&#8221;&#8221; align_last_edited=&#8221;on|desktop&#8221; _builder_version=&#8221;4.8.1&#8243; background_image=&#8221;https://sachem.cl/wp-content/uploads/2021/01/blacko.jpg&#8221;][/et_pb_image][et_pb_team_member name=&#8221;Jose Miguel Retamal&#8221; position=&#8221;Boticario de ideas&#8221; linkedin_url=&#8221;https://www.linkedin.com/in/maickel-aviles-5797271a/&#8221; _builder_version=&#8221;4.8.1&#8243; _module_preset=&#8221;default&#8221; border_color_all_image=&#8221;#FFFFFF&#8221; border_style_all_image=&#8221;none&#8221; locked=&#8221;off&#8221;]</p>
<div>
<p>José es desarrollador de areas de gestión, , diseño, coordinación y manejo de recursos en Eventos Deportivos.</p>
<p>Es<strong> MBA, Químico Farmacéutico</strong>, bilingüe con 22 años de experiencia en áreas Farmacéuticas y de Insumos Médicos con una fuerte orientación comercial.</p>
<p>Ha sido responsable de<br />diferentes negocios y apertura de<br />nuevos mercados. Aperturas de<br />oficinas comerciales, planificación<br />estratégica y administración de recursos. </p>
<p>Blacko es además músico, se peina con el bajo y la guitarra eléctrica, además se ha dedicado a la producción audio-visual y musical.</p>
</div>
<p>[/et_pb_team_member][/et_pb_column][/et_pb_row][/et_pb_section][et_pb_section fb_built=&#8221;1&#8243; fullwidth=&#8221;on&#8221; _builder_version=&#8221;3.22.6&#8243;][et_pb_fullwidth_image src=&#8221;https://sachem.cl/wp-content/uploads/2021/01/food-bank_56.png&#8221; _builder_version=&#8221;3.22.5&#8243;][/et_pb_fullwidth_image][/et_pb_section]</p>
