{"id":185,"date":"2021-01-21T20:52:51","date_gmt":"2021-01-21T20:52:51","guid":{"rendered":"https:\/\/sachem.cl\/?page_id=185"},"modified":"2026-03-02T16:38:47","modified_gmt":"2026-03-02T16:38:47","slug":"hicimos","status":"publish","type":"page","link":"https:\/\/sachem.cl\/index.php\/hicimos\/","title":{"rendered":"hicimos"},"content":{"rendered":"<p>[et_pb_section fb_built=&#8221;1&#8243; custom_padding_last_edited=&#8221;on|phone&#8221; admin_label=&#8221;Header&#8221; _builder_version=&#8221;4.8.1&#8243; background_image=&#8221;https:\/\/sachem.cl\/wp-content\/uploads\/2021\/01\/salto9.png&#8221; parallax=&#8221;on&#8221; custom_padding=&#8221;100px||0vw|||&#8221; custom_padding_tablet=&#8221;40px|||&#8221; custom_padding_phone=&#8221;0px|||&#8221; locked=&#8221;off&#8221;][et_pb_row column_structure=&#8221;2_5,3_5&#8243; custom_padding_last_edited=&#8221;on|desktop&#8221; _builder_version=&#8221;3.25&#8243; custom_margin=&#8221;|||&#8221; custom_padding=&#8221;|30px||30px||true&#8221; custom_padding_tablet=&#8221;40px||&#8221; custom_padding_phone=&#8221;&#8221; box_shadow_style=&#8221;preset7&#8243; box_shadow_horizontal=&#8221;0px&#8221; box_shadow_vertical=&#8221;154px&#8221; box_shadow_color=&#8221;rgba(116,186,87,0.8)&#8221;][et_pb_column type=&#8221;2_5&#8243; _builder_version=&#8221;3.25&#8243; custom_padding=&#8221;|||&#8221; custom_padding_last_edited=&#8221;off|desktop&#8221; custom_padding__hover=&#8221;|||&#8221;][\/et_pb_column][et_pb_column type=&#8221;3_5&#8243; _builder_version=&#8221;3.25&#8243; custom_padding=&#8221;|||&#8221; custom_padding_tablet=&#8221;16px||&#8221; custom_padding_phone=&#8221;&#8221; custom_padding_last_edited=&#8221;on|desktop&#8221; custom_padding__hover=&#8221;|||&#8221;][et_pb_text _builder_version=&#8221;4.8.1&#8243; header_font=&#8221;Lora||||||||&#8221; header_text_color=&#8221;#000000&#8243; header_font_size=&#8221;78px&#8221; header_letter_spacing=&#8221;-1px&#8221; header_line_height=&#8221;1.1em&#8221; header_font_size_tablet=&#8221;56px&#8221; header_font_size_phone=&#8221;40px&#8221; header_font_size_last_edited=&#8221;on|phone&#8221; locked=&#8221;off&#8221;]<\/p>\n<h1>\u00bfQu\u00e9 hicimos?<\/h1>\n<p>[\/et_pb_text][\/et_pb_column][\/et_pb_row][et_pb_row _builder_version=&#8221;3.25&#8243; width=&#8221;100%&#8221; max_width=&#8221;100%&#8221; custom_padding=&#8221;0px||0px|||&#8221; locked=&#8221;off&#8221;][et_pb_column type=&#8221;4_4&#8243; _builder_version=&#8221;3.25&#8243; custom_padding=&#8221;|||&#8221; custom_padding__hover=&#8221;|||&#8221;][et_pb_image src=&#8221;https:\/\/sachem.cl\/wp-content\/uploads\/2021\/01\/food-bank_57.png&#8221; align=&#8221;right&#8221; align_tablet=&#8221;center&#8221; align_phone=&#8221;&#8221; align_last_edited=&#8221;on|desktop&#8221; _builder_version=&#8221;3.23&#8243;][\/et_pb_image][\/et_pb_column][\/et_pb_row][\/et_pb_section][et_pb_section fb_built=&#8221;1&#8243; admin_label=&#8221;Mission&#8221; _builder_version=&#8221;4.8.1&#8243; background_image=&#8221;https:\/\/sachem.cl\/wp-content\/uploads\/2021\/01\/shoes3.png&#8221; background_size=&#8221;initial&#8221;][et_pb_row _builder_version=&#8221;3.25&#8243; column_structure=&#8221;3_5,2_5&#8243;][et_pb_column type=&#8221;3_5&#8243; _builder_version=&#8221;3.25&#8243; custom_padding=&#8221;|||&#8221; custom_padding__hover=&#8221;|||&#8221;][et_pb_text _builder_version=&#8221;4.8.1&#8243; _module_preset=&#8221;default&#8221; hover_enabled=&#8221;0&#8243; locked=&#8221;off&#8221; sticky_enabled=&#8221;0&#8243; custom_padding=&#8221;15px||0px|||&#8221;]<\/p>\n<p style=\"text-align: center;\"><b>Mira el esfuerzo y garra que le ponen 2 de nuestros deportistas en situaci\u00f3n de discapacidad. Es la categor\u00eda inclusiva de Desafpio Vikingo, carrera de obst\u00e1culos.<\/b><\/p>\n<p>[\/et_pb_text][\/et_pb_column][et_pb_column type=&#8221;2_5&#8243; _builder_version=&#8221;3.25&#8243; custom_padding=&#8221;|||&#8221; custom_padding__hover=&#8221;|||&#8221;][\/et_pb_column][\/et_pb_row][et_pb_row column_structure=&#8221;1_3,1_3,1_3&#8243; _builder_version=&#8221;3.25&#8243;][et_pb_column type=&#8221;1_3&#8243; _builder_version=&#8221;3.25&#8243; custom_padding=&#8221;|||&#8221; custom_padding__hover=&#8221;|||&#8221;][et_pb_video src=&#8221;https:\/\/youtu.be\/bbSMePJNG2g&#8221; _builder_version=&#8221;4.8.1&#8243; _module_preset=&#8221;default&#8221; locked=&#8221;off&#8221;][\/et_pb_video][et_pb_text _builder_version=&#8221;4.8.1&#8243; _module_preset=&#8221;default&#8221; custom_padding=&#8221;||0px|||&#8221; locked=&#8221;off&#8221;]<\/p>\n<p style=\"text-align: center;\"><b>Eduardo San Juan<\/b><\/p>\n<p>[\/et_pb_text][\/et_pb_column][et_pb_column type=&#8221;1_3&#8243; _builder_version=&#8221;3.25&#8243; custom_padding=&#8221;|||&#8221; custom_padding__hover=&#8221;|||&#8221;][et_pb_video src=&#8221;https:\/\/youtu.be\/qOoG5lVJDAA&#8221; _builder_version=&#8221;4.8.1&#8243; _module_preset=&#8221;default&#8221;][\/et_pb_video][et_pb_text _builder_version=&#8221;4.8.1&#8243; _module_preset=&#8221;default&#8221; text_orientation=&#8221;center&#8221; locked=&#8221;off&#8221;]<\/p>\n<p><b>Ariel Tijero<\/b><\/p>\n<p>[\/et_pb_text][\/et_pb_column][et_pb_column type=&#8221;1_3&#8243; _builder_version=&#8221;3.25&#8243; custom_padding=&#8221;|||&#8221; custom_padding__hover=&#8221;|||&#8221;][et_pb_video src=&#8221;https:\/\/youtu.be\/icE0BFM9Xc8&#8243; _builder_version=&#8221;4.8.1&#8243; _module_preset=&#8221;default&#8221; hover_enabled=&#8221;0&#8243; locked=&#8221;off&#8221; sticky_enabled=&#8221;0&#8243;][\/et_pb_video][et_pb_text _builder_version=&#8221;4.8.1&#8243; _module_preset=&#8221;default&#8221; hover_enabled=&#8221;0&#8243; locked=&#8221;off&#8221; sticky_enabled=&#8221;0&#8243;]<\/p>\n<p style=\"text-align: left;\"><b>Un proyecto donde apoyamos al Frogman 2025, la carrera de las Fuerzas Especiales de Chile, organizado por la Armada de Chile.<br \/> Esta es la nota que sali\u00f3 en T13.<\/b><\/p>\n<p>[\/et_pb_text][\/et_pb_column][\/et_pb_row][et_pb_row column_structure=&#8221;1_3,1_3,1_3&#8243; _builder_version=&#8221;3.25&#8243;][et_pb_column type=&#8221;1_3&#8243; _builder_version=&#8221;3.25&#8243; custom_padding=&#8221;|||&#8221; custom_padding__hover=&#8221;|||&#8221;][et_pb_video src=&#8221;https:\/\/youtu.be\/d3K0l3iqXxY&#8221; _builder_version=&#8221;4.8.1&#8243; _module_preset=&#8221;default&#8221; locked=&#8221;off&#8221;][\/et_pb_video][et_pb_text _builder_version=&#8221;4.8.1&#8243; _module_preset=&#8221;default&#8221; locked=&#8221;off&#8221;]<\/p>\n<p><b>ProcurePalloza.\u00a0<\/b>Un festival de rock y buena onda en tu propia empresa. Con bandas internas, tuvieron un dia lleno de actividades, m\u00fasica y buena onda. Diciembre, 2023<\/p>\n<p>[\/et_pb_text][\/et_pb_column][et_pb_column type=&#8221;1_3&#8243; _builder_version=&#8221;3.25&#8243; custom_padding=&#8221;|||&#8221; custom_padding__hover=&#8221;|||&#8221;][et_pb_video src=&#8221;https:\/\/youtu.be\/w8-zEjzlgw4&#8243; _builder_version=&#8221;4.8.1&#8243; _module_preset=&#8221;default&#8221;][\/et_pb_video][et_pb_text _builder_version=&#8221;4.8.1&#8243; _module_preset=&#8221;default&#8221; locked=&#8221;off&#8221;]<\/p>\n<p><b>Procure Pool Party.\u00a0<\/b>Una fiesta en la piscina con muchas actividades, taller de DJ, mini circuito de obst\u00e1culos y m\u00e1s. Diciembre, 2024<\/p>\n<p>[\/et_pb_text][\/et_pb_column][et_pb_column type=&#8221;1_3&#8243; _builder_version=&#8221;3.25&#8243; custom_padding=&#8221;|||&#8221; custom_padding__hover=&#8221;|||&#8221;][et_pb_video src=&#8221;https:\/\/youtu.be\/gWQPdkPzHa0&#8243; _builder_version=&#8221;4.8.1&#8243; _module_preset=&#8221;default&#8221; locked=&#8221;off&#8221;][\/et_pb_video][et_pb_text _builder_version=&#8221;4.8.1&#8243; _module_preset=&#8221;default&#8221; locked=&#8221;off&#8221;]<\/p>\n<p><b>Procure X Games.\u00a0<\/b>Lo \u00fanico extremo era no jugar!!!\u00a0 Diciembre, 2025<\/p>\n<p>[\/et_pb_text][\/et_pb_column][\/et_pb_row][et_pb_row column_structure=&#8221;1_3,1_3,1_3&#8243; _builder_version=&#8221;3.25&#8243;][et_pb_column type=&#8221;1_3&#8243; _builder_version=&#8221;3.25&#8243; custom_padding=&#8221;|||&#8221; custom_padding__hover=&#8221;|||&#8221;][et_pb_video src=&#8221;https:\/\/youtu.be\/qislVOdWGck&#8221; _builder_version=&#8221;4.8.1&#8243; _module_preset=&#8221;default&#8221; locked=&#8221;off&#8221;][\/et_pb_video][et_pb_text _builder_version=&#8221;4.8.1&#8243; _module_preset=&#8221;default&#8221; locked=&#8221;off&#8221;]<\/p>\n<p><b>Desaf\u00edo Vikingo El Monte.\u00a0<\/b>Un mix entre ciudad y rio. Los guerreros recorrieron las calles de la ciudad y el cajon del \u00edo Mapocho, cruzando puentes armados sobre el rio.<br \/> El Monte, noviembre 2023<\/p>\n<p>[\/et_pb_text][\/et_pb_column][et_pb_column type=&#8221;1_3&#8243; _builder_version=&#8221;3.25&#8243; custom_padding=&#8221;|||&#8221; custom_padding__hover=&#8221;|||&#8221;][et_pb_video src=&#8221;https:\/\/youtu.be\/mDChgdm4mcc&#8221; _builder_version=&#8221;4.8.1&#8243; _module_preset=&#8221;default&#8221;][\/et_pb_video][et_pb_text _builder_version=&#8221;4.8.1&#8243; _module_preset=&#8221;default&#8221; locked=&#8221;off&#8221;]<\/p>\n<p><b>Desaf\u00edo Vikingo Parapentes.\u00a0<\/b>Una ves m\u00e1s los guerreros debieron enfrentar el m\u00edtico cerro y desafiar las leyes de la naturalez.<br \/> Cerro Parapentes, Colina, septiembre 2023.<\/p>\n<p>[\/et_pb_text][\/et_pb_column][et_pb_column type=&#8221;1_3&#8243; _builder_version=&#8221;3.25&#8243; custom_padding=&#8221;|||&#8221; custom_padding__hover=&#8221;|||&#8221;][et_pb_video src=&#8221;https:\/\/youtu.be\/DnVbsekPcl0&#8243; _builder_version=&#8221;4.8.1&#8243; _module_preset=&#8221;default&#8221; locked=&#8221;off&#8221;][\/et_pb_video][et_pb_text _builder_version=&#8221;4.8.1&#8243; _module_preset=&#8221;default&#8221; locked=&#8221;off&#8221;]<\/p>\n<p><b>Desaf\u00edo Vikingo Palmilla.<\/b>\u00a0A la V Regi\u00f3n se trasladaron los vikings, para vencer nuevas geograf\u00edas y nuevos obst\u00e1culos. Palmills. La Cruz, mayo 2023<\/p>\n<p>[\/et_pb_text][\/et_pb_column][\/et_pb_row][et_pb_row column_structure=&#8221;1_3,1_3,1_3&#8243; _builder_version=&#8221;3.25&#8243;][et_pb_column type=&#8221;1_3&#8243; _builder_version=&#8221;3.25&#8243; custom_padding=&#8221;|||&#8221; custom_padding__hover=&#8221;|||&#8221;][et_pb_video src=&#8221;https:\/\/youtu.be\/SmvDpMCjeFs&#8221; _builder_version=&#8221;4.8.1&#8243; _module_preset=&#8221;default&#8221; locked=&#8221;off&#8221;][\/et_pb_video][et_pb_text _builder_version=&#8221;4.8.1&#8243; _module_preset=&#8221;default&#8221; locked=&#8221;off&#8221;]<\/p>\n<p><b>V\u00edkings Games Huasco\u00a0<\/b>donde los guerreros de Huasco y la regi\u00f3n de Atacama, mostraron\u00a0 de qu\u00e9 acero estan forjados.<br \/> Huasco, febrero 2023<\/p>\n<p>[\/et_pb_text][\/et_pb_column][et_pb_column type=&#8221;1_3&#8243; _builder_version=&#8221;3.25&#8243; custom_padding=&#8221;|||&#8221; custom_padding__hover=&#8221;|||&#8221;][et_pb_video src=&#8221;https:\/\/youtu.be\/A8fHn4bOTAM&#8221; _builder_version=&#8221;4.8.1&#8243; _module_preset=&#8221;default&#8221;][\/et_pb_video][et_pb_text _builder_version=&#8221;4.8.1&#8243; _module_preset=&#8221;default&#8221; locked=&#8221;off&#8221;]<\/p>\n<p><b>V\u00edkingaar <\/b>una competencia donde debes remar para vencer.<br \/>Ciudad Empresarial, noviembre 2022.<\/p>\n<p>[\/et_pb_text][\/et_pb_column][et_pb_column type=&#8221;1_3&#8243; _builder_version=&#8221;3.25&#8243; custom_padding=&#8221;|||&#8221; custom_padding__hover=&#8221;|||&#8221;][et_pb_video src=&#8221;https:\/\/youtu.be\/wwG34PyD1T8&#8243; _builder_version=&#8221;4.8.1&#8243; _module_preset=&#8221;default&#8221; locked=&#8221;off&#8221;][\/et_pb_video][et_pb_text _builder_version=&#8221;4.8.1&#8243; _module_preset=&#8221;default&#8221; locked=&#8221;off&#8221;]<\/p>\n<p><span><strong>Viking Games Cha\u00f1aral<\/strong>. En Cha\u00f1aral se realiz\u00f3 el Primer Campeonato OCR Regional Interescolar. La Regi\u00f3n de Atacama fue testigo de el esfuerzo y garra de estos j\u00f3venes guerrerops que dieron todo en la batalla. Julio de 2023<\/span><\/p>\n<p>[\/et_pb_text][\/et_pb_column][\/et_pb_row][et_pb_row column_structure=&#8221;1_3,1_3,1_3&#8243; _builder_version=&#8221;3.25&#8243;][et_pb_column type=&#8221;1_3&#8243; _builder_version=&#8221;3.25&#8243; custom_padding=&#8221;|||&#8221; custom_padding__hover=&#8221;|||&#8221;][et_pb_video src=&#8221;https:\/\/youtu.be\/QYZMUmEGO_M&#8221; _builder_version=&#8221;4.8.1&#8243; _module_preset=&#8221;default&#8221;][\/et_pb_video][et_pb_text _builder_version=&#8221;4.8.1&#8243; _module_preset=&#8221;default&#8221;]<\/p>\n<p><b>Desaf\u00edo Vikingo OCR\u00a0<\/b>una carrera de 20 obst\u00e1culos en 5K, donde los competidores dieron su m\u00e1ximo esfuerzo por entrar al Valhalla. 25 de septiembre 2021<\/p>\n<p>[\/et_pb_text][\/et_pb_column][et_pb_column type=&#8221;1_3&#8243; _builder_version=&#8221;3.25&#8243; custom_padding=&#8221;|||&#8221; custom_padding__hover=&#8221;|||&#8221;][et_pb_video src=&#8221;https:\/\/youtu.be\/h3qwxWNHOTY&#8221; _builder_version=&#8221;4.8.1&#8243; _module_preset=&#8221;default&#8221;][\/et_pb_video][et_pb_text _builder_version=&#8221;4.8.1&#8243; _module_preset=&#8221;default&#8221; locked=&#8221;off&#8221;]<\/p>\n<p><b>Desaf\u00edo Vikingo OCR\u00a0<\/b>una carrera que tuvo de todo.. emoci\u00f3n, familias, entretenci\u00f3n.\u00a025 de septiembre 2021<\/p>\n<p>[\/et_pb_text][\/et_pb_column][et_pb_column type=&#8221;1_3&#8243; _builder_version=&#8221;3.25&#8243; custom_padding=&#8221;|||&#8221; custom_padding__hover=&#8221;|||&#8221;][et_pb_video src=&#8221;https:\/\/youtu.be\/kGF1aZpXzps&#8221; _builder_version=&#8221;4.8.1&#8243; _module_preset=&#8221;default&#8221;][\/et_pb_video][et_pb_text _builder_version=&#8221;4.8.1&#8243; _module_preset=&#8221;default&#8221; locked=&#8221;off&#8221;]<\/p>\n<p><b>Desaf\u00edo Vikingo OCR\u00a0<\/b>primera OCR en Chile en abrir espacios, con una categor\u00eda inclusiva.\u00a025 de septiembre 2021<\/p>\n<p>[\/et_pb_text][\/et_pb_column][\/et_pb_row][et_pb_row column_structure=&#8221;1_3,1_3,1_3&#8243; _builder_version=&#8221;3.25&#8243;][et_pb_column type=&#8221;1_3&#8243; _builder_version=&#8221;3.25&#8243; custom_padding=&#8221;|||&#8221; custom_padding__hover=&#8221;|||&#8221;][et_pb_video src=&#8221;https:\/\/youtu.be\/KHYkcMlvKS0&#8243; _builder_version=&#8221;4.8.1&#8243; _module_preset=&#8221;default&#8221;][\/et_pb_video][et_pb_text _builder_version=&#8221;4.8.1&#8243; _module_preset=&#8221;default&#8221; custom_padding=&#8221;||0px|||&#8221;]<\/p>\n<p><b>Desaf\u00edo Vikingo OCR\u00a0<\/b>la mejor evaluac\u00edon es la de los protagonistas.<br \/>25 de septiembre 2021<\/p>\n<p>[\/et_pb_text][\/et_pb_column][et_pb_column type=&#8221;1_3&#8243; _builder_version=&#8221;3.25&#8243; custom_padding=&#8221;|||&#8221; custom_padding__hover=&#8221;|||&#8221;][et_pb_video src=&#8221;https:\/\/youtu.be\/1cdHVMzqfSc&#8221; _builder_version=&#8221;4.8.1&#8243; _module_preset=&#8221;default&#8221; locked=&#8221;off&#8221;][\/et_pb_video][et_pb_text _builder_version=&#8221;4.8.1&#8243; _module_preset=&#8221;default&#8221; custom_padding=&#8221;||0px|||&#8221; locked=&#8221;off&#8221;]<\/p>\n<p><b>VikingStrong\u00a0<\/b>primera edici\u00f3n, en el Anfiteatro de La Cisterna. Una competencia de fuerza, destreza y mas fuerza&#8230;<br \/>28 de agosto de 2021<\/p>\n<p>[\/et_pb_text][\/et_pb_column][et_pb_column type=&#8221;1_3&#8243; _builder_version=&#8221;3.25&#8243; custom_padding=&#8221;|||&#8221; custom_padding__hover=&#8221;|||&#8221;][et_pb_video src=&#8221;https:\/\/youtu.be\/WNJaNV7wiBc&#8221; _builder_version=&#8221;4.8.1&#8243; _module_preset=&#8221;default&#8221; locked=&#8221;off&#8221;][\/et_pb_video][et_pb_text _builder_version=&#8221;4.8.1&#8243; _module_preset=&#8221;default&#8221; custom_padding=&#8221;||0px|||&#8221; locked=&#8221;off&#8221;]<\/p>\n<p><b>Pumahue Challenge.\u00a0\u00a0<\/b>Llevamos la experiencia vikinga al Colegio Pumahue de Pe\u00f1alol\u00e9n, donde alumnos, apoderados y profesores vivieron una gran jornada deportiva.<br \/> 2 de abril 2022<\/p>\n<p>[\/et_pb_text][\/et_pb_column][\/et_pb_row][et_pb_row column_structure=&#8221;1_3,1_3,1_3&#8243; _builder_version=&#8221;3.25&#8243;][et_pb_column type=&#8221;1_3&#8243; _builder_version=&#8221;3.25&#8243; custom_padding=&#8221;|||&#8221; custom_padding__hover=&#8221;|||&#8221;][et_pb_video src=&#8221;https:\/\/youtu.be\/Vr1B6573iNo&#8221; _builder_version=&#8221;4.8.1&#8243; _module_preset=&#8221;default&#8221;][\/et_pb_video][et_pb_text _builder_version=&#8221;4.8.1&#8243; _module_preset=&#8221;default&#8221;]<\/p>\n<p><strong>Atacama Rally 2017<\/strong><span>\u00a0es una fecha del Campeonato Mundial de Rally Cross Country\u00a0\u00a0de la FIM (<\/span><i>F\u00e9d\u00e9ration Internationale de Motocyclisme) que re\u00fane\u00a0a los mejores pilotos del mundo, muchos de ellos ganadores del Dakar. La fecha pertenece a Atacama Race Sport Spa, quien contrato al\u00a0equipo de<span>\u00a0<\/span><strong>Sachem Pro<\/strong><span>\u00a0<\/span>para hacer la producci\u00f3n general del evento<\/i>.<\/p>\n<p>[\/et_pb_text][\/et_pb_column][et_pb_column type=&#8221;1_3&#8243; _builder_version=&#8221;3.25&#8243; custom_padding=&#8221;|||&#8221; custom_padding__hover=&#8221;|||&#8221;][et_pb_video src=&#8221;https:\/\/youtu.be\/492g5Gfj9to&#8221; _builder_version=&#8221;4.8.1&#8243; _module_preset=&#8221;default&#8221;][\/et_pb_video][et_pb_text _builder_version=&#8221;4.8.1&#8243; _module_preset=&#8221;default&#8221; locked=&#8221;off&#8221;]<\/p>\n<p><strong>Atacama Rally 2018<\/strong><span>\u00a0es una fecha del Campeonato Mundial de Rally Cross Country\u00a0\u00a0de la FIM (<\/span><i>F\u00e9d\u00e9ration Internationale de Motocyclisme) que re\u00fane\u00a0a los mejores pilotos del mundo, muchos de ellos ganadores del Dakar. La fecha pertenece a Atacama Race Sport Spa, quien contrato al\u00a0equipo de<span>\u00a0<\/span><strong>Sachem Pro<\/strong><span>\u00a0<\/span>para hacer la producci\u00f3n general del evento<\/i>.<\/p>\n<p>[\/et_pb_text][\/et_pb_column][et_pb_column type=&#8221;1_3&#8243; _builder_version=&#8221;3.25&#8243; custom_padding=&#8221;|||&#8221; custom_padding__hover=&#8221;|||&#8221;][et_pb_image src=&#8221;https:\/\/sachem.cl\/wp-content\/uploads\/2021\/01\/2019-10-17-17.36.28.png&#8221; title_text=&#8221;2019-10-17 17.36.28&#8243; _builder_version=&#8221;4.8.1&#8243; _module_preset=&#8221;default&#8221;][\/et_pb_image][et_pb_text _builder_version=&#8221;4.8.1&#8243; _module_preset=&#8221;default&#8221; custom_padding=&#8221;0px|||||&#8221; locked=&#8221;off&#8221;]<\/p>\n<p><strong>Atacama Rally 2019<\/strong><span>\u00a0tuvo cobertura especial de\u00a0<strong>FOX Sports Latinamerica<\/strong>.<\/span><\/p>\n<p><i>\u00a0La fecha pertenece a Atacama Race Sport Spa, quien contrato al\u00a0equipo de<span>\u00a0<\/span><strong>Sachem Pro<\/strong><span>\u00a0<\/span>para hacer la producci\u00f3n <br \/>general del evento<\/i>.<\/p>\n<p>[\/et_pb_text][\/et_pb_column][\/et_pb_row][\/et_pb_section][et_pb_section fb_built=&#8221;1&#8243; fullwidth=&#8221;on&#8221; _builder_version=&#8221;3.22.6&#8243;][et_pb_fullwidth_image src=&#8221;https:\/\/sachem.cl\/wp-content\/uploads\/2021\/01\/food-bank_56.png&#8221; _builder_version=&#8221;3.22.5&#8243;][\/et_pb_fullwidth_image][\/et_pb_section]<\/p>\n","protected":false},"excerpt":{"rendered":"<p>[et_pb_section fb_built=&#8221;1&#8243; custom_padding_last_edited=&#8221;on|phone&#8221; admin_label=&#8221;Header&#8221; _builder_version=&#8221;4.8.1&#8243; background_image=&#8221;https:\/\/sachem.cl\/wp-content\/uploads\/2021\/01\/salto9.png&#8221; parallax=&#8221;on&#8221; custom_padding=&#8221;100px||0vw|||&#8221; custom_padding_tablet=&#8221;40px|||&#8221; custom_padding_phone=&#8221;0px|||&#8221; locked=&#8221;off&#8221;][et_pb_row column_structure=&#8221;2_5,3_5&#8243; custom_padding_last_edited=&#8221;on|desktop&#8221; _builder_version=&#8221;3.25&#8243; custom_margin=&#8221;|||&#8221; custom_padding=&#8221;|30px||30px||true&#8221; custom_padding_tablet=&#8221;40px||&#8221; custom_padding_phone=&#8221;&#8221; box_shadow_style=&#8221;preset7&#8243; box_shadow_horizontal=&#8221;0px&#8221; box_shadow_vertical=&#8221;154px&#8221; box_shadow_color=&#8221;rgba(116,186,87,0.8)&#8221;][et_pb_column type=&#8221;2_5&#8243; _builder_version=&#8221;3.25&#8243; custom_padding=&#8221;|||&#8221; custom_padding_last_edited=&#8221;off|desktop&#8221; custom_padding__hover=&#8221;|||&#8221;][\/et_pb_column][et_pb_column type=&#8221;3_5&#8243; _builder_version=&#8221;3.25&#8243; custom_padding=&#8221;|||&#8221; custom_padding_tablet=&#8221;16px||&#8221; custom_padding_phone=&#8221;&#8221; custom_padding_last_edited=&#8221;on|desktop&#8221; custom_padding__hover=&#8221;|||&#8221;][et_pb_text _builder_version=&#8221;4.8.1&#8243; header_font=&#8221;Lora||||||||&#8221; header_text_color=&#8221;#000000&#8243; header_font_size=&#8221;78px&#8221; header_letter_spacing=&#8221;-1px&#8221; header_line_height=&#8221;1.1em&#8221; header_font_size_tablet=&#8221;56px&#8221; header_font_size_phone=&#8221;40px&#8221; header_font_size_last_edited=&#8221;on|phone&#8221; locked=&#8221;off&#8221;] \u00bfQu\u00e9 hicimos? [\/et_pb_text][\/et_pb_column][\/et_pb_row][et_pb_row _builder_version=&#8221;3.25&#8243; width=&#8221;100%&#8221; max_width=&#8221;100%&#8221; custom_padding=&#8221;0px||0px|||&#8221; locked=&#8221;off&#8221;][et_pb_column type=&#8221;4_4&#8243; _builder_version=&#8221;3.25&#8243; custom_padding=&#8221;|||&#8221; [&hellip;]<\/p>\n","protected":false},"author":1,"featured_media":0,"parent":0,"menu_order":0,"comment_status":"closed","ping_status":"closed","template":"","meta":{"_et_pb_use_builder":"on","_et_pb_old_content":"","_et_gb_content_width":"","footnotes":""},"class_list":["post-185","page","type-page","status-publish","hentry"],"_links":{"self":[{"href":"https:\/\/sachem.cl\/index.php\/wp-json\/wp\/v2\/pages\/185","targetHints":{"allow":["GET"]}}],"collection":[{"href":"https:\/\/sachem.cl\/index.php\/wp-json\/wp\/v2\/pages"}],"about":[{"href":"https:\/\/sachem.cl\/index.php\/wp-json\/wp\/v2\/types\/page"}],"author":[{"embeddable":true,"href":"https:\/\/sachem.cl\/index.php\/wp-json\/wp\/v2\/users\/1"}],"replies":[{"embeddable":true,"href":"https:\/\/sachem.cl\/index.php\/wp-json\/wp\/v2\/comments?post=185"}],"version-history":[{"count":23,"href":"https:\/\/sachem.cl\/index.php\/wp-json\/wp\/v2\/pages\/185\/revisions"}],"predecessor-version":[{"id":418,"href":"https:\/\/sachem.cl\/index.php\/wp-json\/wp\/v2\/pages\/185\/revisions\/418"}],"wp:attachment":[{"href":"https:\/\/sachem.cl\/index.php\/wp-json\/wp\/v2\/media?parent=185"}],"curies":[{"name":"wp","href":"https:\/\/api.w.org\/{rel}","templated":true}]}}